{"id":5717,"date":"2023-05-11T23:19:53","date_gmt":"2023-05-11T15:19:53","guid":{"rendered":"http:\/\/tsinghualogic.net\/JRC\/?page_id=5717"},"modified":"2025-12-31T17:45:08","modified_gmt":"2025-12-31T09:45:08","slug":"zgfellows","status":"publish","type":"page","link":"https:\/\/tsinghualogic.net\/JRC\/zgfellows\/","title":{"rendered":"Zheng Gang Fellows"},"content":{"rendered":"\n<div class=\"wp-block-cover alignwide is-light\"><span aria-hidden=\"true\" class=\"wp-block-cover__background has-background-dim\"><\/span><img decoding=\"async\" loading=\"lazy\" width=\"1080\" height=\"678\" class=\"wp-block-cover__image-background wp-image-5718\" alt=\"\" src=\"http:\/\/tsinghualogic.net\/JRC\/wp-content\/uploads\/2023\/05\/8d8599b5d27f4b36a1d799d41b2b31f1.jpeg\" data-object-fit=\"cover\" srcset=\"https:\/\/tsinghualogic.net\/JRC\/wp-content\/uploads\/2023\/05\/8d8599b5d27f4b36a1d799d41b2b31f1.jpeg 1080w, https:\/\/tsinghualogic.net\/JRC\/wp-content\/uploads\/2023\/05\/8d8599b5d27f4b36a1d799d41b2b31f1-200x126.jpeg 200w, https:\/\/tsinghualogic.net\/JRC\/wp-content\/uploads\/2023\/05\/8d8599b5d27f4b36a1d799d41b2b31f1-768x482.jpeg 768w\" sizes=\"(max-width: 1080px) 100vw, 1080px\" \/><div class=\"wp-block-cover__inner-container\">\n<p class=\"has-text-align-left has-white-color has-text-color has-medium-font-size\">In 2022, the center received a generous donation from Mr. Zheng Gang to further the progress of logic education, as well as strengthening contacts&nbsp;between logic and AI in China. Over the coming years, this donation will be used for a fellowship program attracting a spread of prominent international colleagues from&nbsp;various&nbsp;fields of logic who will teach advanced seminars and work with our graduate students in order to introduce new developments and initiate new research.<\/p>\n\n\n\n<p class=\"has-white-color has-text-color\"><\/p>\n<\/div><\/div>\n\n\n\n<h2 class=\"has-large-font-size\">2023 Class <\/h2>\n\n\n\n<p class=\"has-medium-font-size\">The Zheng Gang fellows for 2023 are Thomas Bolander (logics of agency, planning and robotics in AI, Technical University of Denmark) and Ramaswamy Ramanujam (logic, automata theory and game modeling, Mathematical Institute Chennai).<\/p>\n\n\n\n<div class=\"wp-block-media-text alignwide is-stacked-on-mobile\" style=\"grid-template-columns:18% auto\"><figure class=\"wp-block-media-text__media\"><img decoding=\"async\" loading=\"lazy\" width=\"205\" height=\"245\" src=\"http:\/\/tsinghualogic.net\/JRC\/wp-content\/uploads\/2025\/12\/\u4e0b\u8f7d-1-1.jpeg\" alt=\"\" class=\"wp-image-8828 size-full\" srcset=\"https:\/\/tsinghualogic.net\/JRC\/wp-content\/uploads\/2025\/12\/\u4e0b\u8f7d-1-1.jpeg 205w, https:\/\/tsinghualogic.net\/JRC\/wp-content\/uploads\/2025\/12\/\u4e0b\u8f7d-1-1-167x200.jpeg 167w\" sizes=\"(max-width: 205px) 100vw, 205px\" \/><\/figure><div class=\"wp-block-media-text__content\">\n<p class=\"has-text-align-center has-black-color has-text-color has-large-font-size\">Ramaswamy Ramanujam<\/p>\n\n\n\n<p class=\"has-black-color has-text-color has-medium-font-size\">More Information: <a href=\"https:\/\/tsinghualogic.net\/JRC\/zheng-gang-fellows-ramaswamy-ramanujam\/\">https:\/\/tsinghualogic.net\/JRC\/zheng-gang-fellows-ramaswamy-ramanujam\/<\/a><\/p>\n<\/div><\/div>\n\n\n\n<div class=\"wp-block-media-text alignwide is-stacked-on-mobile\" style=\"grid-template-columns:18% auto\"><figure class=\"wp-block-media-text__media\"><img decoding=\"async\" loading=\"lazy\" width=\"722\" height=\"1000\" src=\"http:\/\/tsinghualogic.net\/JRC\/wp-content\/uploads\/2025\/12\/portraet_maj18_crop_sorthvid_low.jpg\" alt=\"\" class=\"wp-image-8827 size-full\" srcset=\"https:\/\/tsinghualogic.net\/JRC\/wp-content\/uploads\/2025\/12\/portraet_maj18_crop_sorthvid_low.jpg 722w, https:\/\/tsinghualogic.net\/JRC\/wp-content\/uploads\/2025\/12\/portraet_maj18_crop_sorthvid_low-144x200.jpg 144w\" sizes=\"(max-width: 722px) 100vw, 722px\" \/><\/figure><div class=\"wp-block-media-text__content\">\n<p class=\"has-text-align-center has-black-color has-text-color has-large-font-size\">Thomas Bolander<\/p>\n\n\n\n<p class=\"has-black-color has-text-color has-medium-font-size\">More Information: <a href=\"https:\/\/tsinghualogic.net\/JRC\/zheng-gang-fellows-thomas-bolander\/\">https:\/\/tsinghualogic.net\/JRC\/zheng-gang-fellows-thomas-bolander\/<\/a><\/p>\n<\/div><\/div>\n\n\n\n<h2 class=\"has-large-font-size\">2024 Class <\/h2>\n\n\n\n<p class=\"has-medium-font-size\">The Zheng Gang fellows for 2024 are Alexandru Baltag and Sonja Smets (logic and information dynamics, logic and epistemology, logic and foundations of quantum mechanics, University of Amsterdam), Valentin Goranko (modal and temporal logics and logics for multi-agent systems, Stockholm University).<\/p>\n\n\n\n<div class=\"wp-block-media-text alignwide is-stacked-on-mobile\" style=\"grid-template-columns:18% auto\"><figure class=\"wp-block-media-text__media\"><img decoding=\"async\" loading=\"lazy\" width=\"198\" height=\"200\" src=\"http:\/\/tsinghualogic.net\/JRC\/wp-content\/uploads\/2025\/12\/baltag-198x200-1.jpeg\" alt=\"\" class=\"wp-image-8813 size-full\" srcset=\"https:\/\/tsinghualogic.net\/JRC\/wp-content\/uploads\/2025\/12\/baltag-198x200-1.jpeg 198w, https:\/\/tsinghualogic.net\/JRC\/wp-content\/uploads\/2025\/12\/baltag-198x200-1-80x80.jpeg 80w\" sizes=\"(max-width: 198px) 100vw, 198px\" \/><\/figure><div class=\"wp-block-media-text__content\">\n<p class=\"has-text-align-center has-black-color has-text-color has-large-font-size\">Alexandru Baltag<\/p>\n\n\n\n<p class=\"has-black-color has-text-color has-medium-font-size\">More Information: <a href=\"https:\/\/tsinghualogic.net\/JRC\/zheng-gang-fellows-alexandru-baltag\/\">https:\/\/tsinghualogic.net\/JRC\/zheng-gang-fellows-alexandru-baltag\/<\/a><\/p>\n<\/div><\/div>\n\n\n\n<div class=\"wp-block-media-text alignwide is-stacked-on-mobile\" style=\"grid-template-columns:18% auto\"><figure class=\"wp-block-media-text__media\"><img decoding=\"async\" loading=\"lazy\" width=\"154\" height=\"200\" src=\"http:\/\/tsinghualogic.net\/JRC\/wp-content\/uploads\/2025\/12\/sonja_smets_photo-2-231x300-1-154x200-1.jpeg\" alt=\"\" class=\"wp-image-8814 size-full\"\/><\/figure><div class=\"wp-block-media-text__content\">\n<p class=\"has-text-align-center has-black-color has-text-color has-large-font-size\">Sonja Smets<\/p>\n\n\n\n<p class=\"has-black-color has-text-color has-medium-font-size\">More Information: <a href=\"https:\/\/tsinghualogic.net\/JRC\/zheng-gang-fellows-sonja-smets\/\">https:\/\/tsinghualogic.net\/JRC\/zheng-gang-fellows-sonja-smets\/<\/a><\/p>\n<\/div><\/div>\n\n\n\n<div class=\"wp-block-media-text alignwide is-stacked-on-mobile\" style=\"grid-template-columns:18% auto\"><figure class=\"wp-block-media-text__media\"><img decoding=\"async\" loading=\"lazy\" width=\"150\" height=\"200\" src=\"http:\/\/tsinghualogic.net\/JRC\/wp-content\/uploads\/2025\/12\/Val-150x200-2.png\" alt=\"\" class=\"wp-image-8816 size-full\"\/><\/figure><div class=\"wp-block-media-text__content\">\n<p class=\"has-text-align-center has-black-color has-text-color has-large-font-size\">Valentin Goranko<\/p>\n\n\n\n<p class=\"has-black-color has-text-color has-medium-font-size\">More Information: <a href=\"https:\/\/tsinghualogic.net\/JRC\/zheng-gang-fellows-valentin-goranko\/\">https:\/\/tsinghualogic.net\/JRC\/zheng-gang-fellows-valentin-goranko\/<\/a><\/p>\n<\/div><\/div>\n\n\n\n<h2 class=\"has-large-font-size\">2025 Class <\/h2>\n\n\n\n<p class=\"has-medium-font-size\">The Zheng Gang fellows for 2025 is Ayb\u00fcke \u00d6zg\u00fcn (Institute for Logic, Language and Computation, Department of Philosophy, University of Amsterdam).<\/p>\n\n\n\n<div class=\"wp-block-media-text alignwide is-stacked-on-mobile\" style=\"grid-template-columns:18% auto\"><figure class=\"wp-block-media-text__media\"><img decoding=\"async\" loading=\"lazy\" width=\"606\" height=\"799\" src=\"http:\/\/tsinghualogic.net\/JRC\/wp-content\/uploads\/2025\/12\/Ab.png\" alt=\"\" class=\"wp-image-8805 size-full\" srcset=\"https:\/\/tsinghualogic.net\/JRC\/wp-content\/uploads\/2025\/12\/Ab.png 606w, https:\/\/tsinghualogic.net\/JRC\/wp-content\/uploads\/2025\/12\/Ab-152x200.png 152w\" sizes=\"(max-width: 606px) 100vw, 606px\" \/><\/figure><div class=\"wp-block-media-text__content\">\n<p class=\"has-text-align-center has-large-font-size\">Ayb\u00fcke \u00d6zg\u00fcn<\/p>\n\n\n\n<p class=\"has-black-color has-text-color has-medium-font-size\">More Information: <a href=\"https:\/\/tsinghualogic.net\/JRC\/zheng-gang-fellows-aybuke-ozgun\/\" target=\"_blank\" rel=\"noreferrer noopener\">https:\/\/tsinghualogic.net\/JRC\/zheng-gang-fellows-aybuke-ozgun\/<\/a><\/p>\n<\/div><\/div>\n\n\n\n<h2 class=\"has-large-font-size\">2026 Class <\/h2>\n\n\n\n<p class=\"has-medium-font-size\">The Zheng Gang fellows for 2026 is Hanti Lin (Philosophy Department, University of California, Davis).<\/p>\n\n\n\n<div class=\"wp-block-media-text alignwide is-stacked-on-mobile\" style=\"grid-template-columns:18% auto\"><figure class=\"wp-block-media-text__media\"><img decoding=\"async\" loading=\"lazy\" width=\"520\" height=\"580\" src=\"http:\/\/tsinghualogic.net\/JRC\/wp-content\/uploads\/2025\/12\/hanti-lin.png\" alt=\"\" class=\"wp-image-8863 size-full\" srcset=\"https:\/\/tsinghualogic.net\/JRC\/wp-content\/uploads\/2025\/12\/hanti-lin.png 520w, https:\/\/tsinghualogic.net\/JRC\/wp-content\/uploads\/2025\/12\/hanti-lin-179x200.png 179w\" sizes=\"(max-width: 520px) 100vw, 520px\" \/><\/figure><div class=\"wp-block-media-text__content\">\n<p class=\"has-text-align-center has-large-font-size\">Hanti Lin<\/p>\n\n\n\n<p class=\"has-black-color has-text-color has-medium-font-size\">More information: <a href=\"https:\/\/tsinghualogic.net\/JRC\/zheng-gang-fellow-hanti-lin\/\">https:\/\/tsinghualogic.net\/JRC\/zheng-gang-fellow-hanti-lin\/<\/a><\/p>\n<\/div><\/div>\n","protected":false},"excerpt":{"rendered":"<p>2023 Class The Zheng Gang fellows for 2023 are Thomas B [&hellip;]<\/p>\n","protected":false},"author":1,"featured_media":0,"parent":0,"menu_order":0,"comment_status":"closed","ping_status":"closed","template":"","meta":[],"_links":{"self":[{"href":"https:\/\/tsinghualogic.net\/JRC\/wp-json\/wp\/v2\/pages\/5717"}],"collection":[{"href":"https:\/\/tsinghualogic.net\/JRC\/wp-json\/wp\/v2\/pages"}],"about":[{"href":"https:\/\/tsinghualogic.net\/JRC\/wp-json\/wp\/v2\/types\/page"}],"author":[{"embeddable":true,"href":"https:\/\/tsinghualogic.net\/JRC\/wp-json\/wp\/v2\/users\/1"}],"replies":[{"embeddable":true,"href":"https:\/\/tsinghualogic.net\/JRC\/wp-json\/wp\/v2\/comments?post=5717"}],"version-history":[{"count":33,"href":"https:\/\/tsinghualogic.net\/JRC\/wp-json\/wp\/v2\/pages\/5717\/revisions"}],"predecessor-version":[{"id":8963,"href":"https:\/\/tsinghualogic.net\/JRC\/wp-json\/wp\/v2\/pages\/5717\/revisions\/8963"}],"wp:attachment":[{"href":"https:\/\/tsinghualogic.net\/JRC\/wp-json\/wp\/v2\/media?parent=5717"}],"curies":[{"name":"wp","href":"https:\/\/api.w.org\/{rel}","templated":true}]}}